s 9943358099 a prime number?
False
Is 5861944789 prime?
True
Is 109331741 composite?
False
Is 40533201727 prime?
False
Is 11652517633 a prime number?
False
Is 284861861 a prime number?
True
Is 600741727 a composite number?
True
Is 1079007749 a prime number?
False
Is 7606906421 a prime number?
True
Is 1047933853 a prime number?
True
Is 849278629 a prime number?
True
Is 1041146461 composite?
False
Is 178124488939 composite?
True
Is 98000787611 composite?
False
Is 92910421 prime?
True
Is 208540070489 prime?
True
Is 38257058029 composite?
True
Is 129181151 prime?
False
Is 866604899 prime?
True
Is 101020542123 a prime number?
False
Is 59256233759 a composite number?
False
Is 37429229 a prime number?
False
Is 714578113 a composite number?
True
Is 555849601 composite?
False
Is 536738551 prime?
False
Is 11390935873 a prime number?
True
Is 480117627169 a prime number?
True
Is 50733425905 a composite number?
True
Is 1040052667 a composite number?
False
Is 11043774463 a composite number?
True
Is 20280250399 a composite number?
False
Is 2169757445 prime?
False
Is 84839688667 composite?
True
Is 2070433271 prime?
True
Is 282049739 a composite number?
False
Is 198875429 prime?
True
Is 3182524753 a prime number?
True
Is 82016267 composite?
True
Is 433370684521 composite?
False
Is 3457633969 a composite number?
False
Is 37383422201 composite?
False
Is 31372513 prime?
True
Is 282113261 prime?
True
Is 13897039129 prime?
False
Is 2465850097 a composite number?
True
Is 1227809087 composite?
False
Is 5368026211 prime?
False
Is 5148462899 a composite number?
True
Is 7613054507 a composite number?
True
Is 179756927403 a prime number?
False
Is 2235948629 composite?
True
Is 1125189467 a composite number?
False
Is 2667988117 prime?
True
Is 19902018089 prime?
True
Is 2060622433 a prime number?
True
Is 15159012157 a composite number?
False
Is 93580135283 composite?
False
Is 245540903 a composite number?
False
Is 10959083977 a prime number?
True
Is 333238414 composite?
True
Is 59620098341 a composite number?
False
Is 1136360047 prime?
True
Is 200010077 a composite number?
False
Is 2547712621 a prime number?
False
Is 25181477977 a prime number?
True
Is 6508677709 a prime number?
True
Is 262696183 composite?
True
Is 4496506741 prime?
True
Is 789040103 a prime number?
True
Is 21771023 a composite number?
True
Is 296246102 composite?
True
Is 7870855373 a composite number?
False
Is 5033310977 a composite number?
True
Is 750428869 a prime number?
False
Is 1959145667 a prime number?
True
Is 18256647763 composite?
False
Is 785921567 composite?
True
Is 2721252005 a prime number?
False
Is 14693069 a composite number?
True
Is 6732959657 composite?
True
Is 262343823881 a prime number?
False
Is 2010138313 a prime number?
True
Is 2359428391 prime?
False
Is 6592522387 composite?
True
Is 264968857 a prime number?
True
Is 1196422021 a prime number?
True
Is 1124948261 prime?
True
Is 3597046757 composite?
False
Is 2603672561 composite?
True
Is 309285461 prime?
True
Is 11882412151 a prime number?
True
Is 322509071 a composite number?
False
Is 256004509 a prime number?
True
Is 127433543 composite?
True
Is 317611937 prime?
True
Is 1211814601 prime?
True
Is 3388772591 prime?
True
Is 8495116739 composite?
False
Is 10529131891 prime?
False
Is 330864539 a prime number?
True
Is 1070092351 prime?
False
Is 1740020353 a composite number?
False
Is 2691635521 a prime number?
True
Is 104182412123 composite?
True
Is 27326650159 a composite number?
False
Is 927034921 a prime number?
True
Is 1310873369 a composite number?
True
Is 34123899503 a composite number?
False
Is 24705304259 a prime number?
False
Is 69725908783 composite?
False
Is 1838505397 a prime number?
True
Is 3143226839 a composite number?
False
Is 683717453 a prime number?
False
Is 16290701033 prime?
False
Is 1745693653 a composite number?
True
Is 101559659359 prime?
True
Is 5486957093 a prime number?
False
Is 203109521051 a composite number?
False
Is 21227681627 prime?
True
Is 109726684967 composite?
False
Is 6278757395 composite?
True
Is 14626032259 a prime number?
True
Is 4370420933 a prime number?
False
Is 7017169331 a composite number?
True
Is 105432199 prime?
True
Is 4848114613 a composite number?
True
Is 312474013 composite?
True
Is 1743617 prime?
False
Is 426128939 a composite number?
True
Is 1878235523 prime?
True
Is 299110687 composite?
False
Is 23591884807 a composite number?
False
Is 577251487 composite?
False
Is 1846341539 prime?
False
Is 200531399 prime?
True
Is 14910136079 composite?
False
Is 187110527 prime?
True
Is 1188994327 a prime number?
True
Is 10463585611 prime?
True
Is 304889939 a prime number?
True
Is 2836450079 prime?
False
Is 781877087 a prime number?
True
Is 14093684729 composite?
True
Is 96561691 prime?
True
Is 69789233939 a composite number?
False
Is 548164541 a composite number?
True
Is 29603994359 prime?
True
Is 31863348851 a composite number?
False
Is 475383407 prime?
False
Is 95704998109 a prime number?
False
Is 833162557 a prime number?
False
Is 68052680471 a composite number?
False
Is 19313093183 a prime number?
False
Is 45680711759 composite?
False
Is 1547955257 composite?
False
Is 28168747007 a composite number?
False
Is 31337532797 composite?
True
Is 52761017 a prime number?
True
Is 7281120731 a composite number?
True
Is 102231428989 a prime number?
False
Is 750988999 a composite number?
False
Is 927323899 a composite number?
True
Is 3757971253 a prime number?
True
Is 15008542387 a prime number?
True
Is 12323230042 composite?
True
Is 193191593 prime?
False
Is 18838457021 a prime number?
True
Is 542660147 prime?
False
Is 276502164883 prime?
False
Is 202771111583 prime?
False
Is 1330341767 a composite number?
False
Is 8639007847 a composite number?
True
Is 7588387883 a prime number?
True
Is 425349607 prime?
True
Is 28806450251 a prime number?
True
Is 652916191 composite?
False
Is 18006044153 a prime number?
False
Is 127639921763 prime?
False
Is 2724028583 a prime number?
True
Is 323329319 a prime number?
True
Is 3336569137 a composite number?
True
Is 5684605705 a prime number?
False
Is 16778080019 prime?
True
Is 35494748053 prime?
False
Is 4849612343 prime?
False
Is 1286839577 composite?
False
Is 165351787853 a prime number?
False
Is 463402783 a prime number?
True
Is 1217450687 composite?
False
Is 8860694845 a prime number?
False
Is 250297703 a prime number?
True
Is 20857184911 a prime number?
False
Is 5222275199 prime?
True
Is 55676708609 a composite number?
False
Is 3510582709 a composite number?
True
Is 9679566287 a prime number?
True
Is 17195167109 a composite number?
False
Is 578843723 a composite number?
False
Is 48287162893 prime?
True
Is 362093473 a composite number?
True
Is 13191512891 composite?
False
Is 1052520173 prime?
False
Is 8055696667 a prime number?
True
Is 79920484421 prime?
False
Is 633484945 prime?
False
Is 87186893687 composite?
False
Is 12904383599 a composite number?
False
Is 322439179 a composite number?
True
Is 4605474595 a composite number?
True
Is 3859960331 a composite number?
False
Is 377283337529 a composite number?
True
Is 79216561 prime?
True
Is 160849321 a composite number?
True
Is 1495761403 prime?
False
Is 106758216109 a prime number?
False
Is 1138711513 composite?
True
Is 27310220771 a prime number?
False
Is 311781259 prime?
False
Is 10156999453 composite?
False
Is 1672636201 a composite number?
False
Is 325817707 prime?
False
Is 902365147 a composite number?
True
Is 20897478109 prime?
False
Is 8771534587 a composite number?
True
Is 4383231115 composite?
True
Is 1204981243 a prime number?
False
Is 4477974637 a prime number?
True
Is 3653083249 composite?
False
Is 330674039 composite?
True
Is 2035688761 a prime number?
False
Is 203351519623 a prime number?
False
Is 382973777 a composite number?
False
Is 296907939511 a prime number?
True
Is 552229637 composite?
False
Is 491419757 a prime number?
True
Is 14447244655 a prime number?
False
Is 24662881697 prime?
False
Is 31590156217 prime?
True
Is 115128311 composite?
True
Is 55134229037 a prime number?
True
Is 777223333 composite?
False
Is 420280023547 composite?
True
Is 1224300989 a prime number?
True
Is 628009567 a composite number?
False
Is 3029753291 a composite number?
False
Is 22266519703 a prime number?
True
Is 1575